{"id":95,"date":"2019-01-27T19:23:59","date_gmt":"2019-01-27T18:23:59","guid":{"rendered":"https:\/\/zajazdlider.pl\/?page_id=95"},"modified":"2019-01-27T19:26:20","modified_gmt":"2019-01-27T18:26:20","slug":"parking","status":"publish","type":"page","link":"https:\/\/zajazdlider.pl\/index.php\/parking\/","title":{"rendered":"PARKING"},"content":{"rendered":"<p>[et_pb_section bb_built=&#8221;1&#8243; fullwidth=&#8221;on&#8221; specialty=&#8221;off&#8221; next_background_color=&#8221;#000000&#8243; _builder_version=&#8221;3.19.7&#8243;][et_pb_fullwidth_header _builder_version=&#8221;3.19.7&#8243; title=&#8221;PARKING&#8221; background_image=&#8221;https:\/\/zajazdlider.pl\/wp-content\/uploads\/2019\/01\/truck-3910170_1280.jpg&#8221; parallax=&#8221;on&#8221; text_orientation=&#8221;center&#8221; custom_button_one=&#8221;on&#8221; button_one_text_color=&#8221;#ffffff&#8221; button_one_bg_color=&#8221;#e5322d&#8221; button_one_border_color=&#8221;#e5322d&#8221; button_one_icon_color=&#8221;#ffffff&#8221; border_radii=&#8221;on|0px|0px|0px|0px&#8221; box_shadow_style_button_one=&#8221;preset2&#8243; header_fullscreen=&#8221;on&#8221; header_scroll_down=&#8221;on&#8221; scroll_down_icon_color=&#8221;#ffffff&#8221; title_font_size=&#8221;45px&#8221; \/][\/et_pb_section][et_pb_section bb_built=&#8221;1&#8243; fullwidth=&#8221;off&#8221; specialty=&#8221;off&#8221; prev_background_color=&#8221;#000000&#8243;][et_pb_row][et_pb_column type=&#8221;1_2&#8243;][et_pb_text _builder_version=&#8221;3.19.7&#8243; text_font_size=&#8221;20px&#8221; custom_margin=&#8221;40px|||&#8221;]<\/p>\n<p>Nasz du\u017cy i przestronny parking pomie\u015bci ok. 80\u00a0tir\u00f3w. Plac jest utwardzony, o\u015bwietlony i ogrodzony.<br \/>Na placu Zajazdu Lider znajduje si\u0119 r\u00f3wnie\u017c:<\/p>\n<p>[\/et_pb_text][et_pb_blurb _builder_version=&#8221;3.19.7&#8243; use_icon=&#8221;on&#8221; font_icon=&#8221;%%47%%&#8221; icon_color=&#8221;#e5322d&#8221; icon_placement=&#8221;left&#8221; use_icon_font_size=&#8221;on&#8221; icon_font_size=&#8221;40px&#8221;]<\/p>\n<h4>Myjnia dla samochod\u00f3w osobowych i ci\u0119\u017carowych<\/h4>\n<p>[\/et_pb_blurb][et_pb_blurb _builder_version=&#8221;3.19.7&#8243; use_icon=&#8221;on&#8221; font_icon=&#8221;%%47%%&#8221; icon_color=&#8221;#e5322d&#8221; icon_placement=&#8221;left&#8221; use_icon_font_size=&#8221;on&#8221; icon_font_size=&#8221;40px&#8221;]<\/p>\n<h4>Wulkanizacja i Auto szyby<\/h4>\n<p>[\/et_pb_blurb][et_pb_blurb _builder_version=&#8221;3.19.7&#8243; use_icon=&#8221;on&#8221; font_icon=&#8221;%%47%%&#8221; icon_color=&#8221;#e5322d&#8221; icon_placement=&#8221;left&#8221; use_icon_font_size=&#8221;on&#8221; icon_font_size=&#8221;40px&#8221;]<\/p>\n<h4>Ci\u0105g pawilon\u00f3w handlowych<\/h4>\n<p>[\/et_pb_blurb][\/et_pb_column][et_pb_column type=&#8221;1_2&#8243;][et_pb_image _builder_version=&#8221;3.19.7&#8243; src=&#8221;https:\/\/zajazdlider.pl\/wp-content\/uploads\/2019\/01\/car-519795_1280.jpg&#8221; align=&#8221;center&#8221; custom_css_main_element=&#8221;-webkit-box-shadow: 10px 10px 5px 0px rgba(0,0,0,0.75);||-moz-box-shadow: 10px 10px 5px 0px rgba(0,0,0,0.75);||box-shadow: 10px 10px 5px 0px rgba(0,0,0,0.75);&#8221; \/][\/et_pb_column][\/et_pb_row][\/et_pb_section]<\/p>\n","protected":false},"excerpt":{"rendered":"<p><div class=\"et_pb_row et_pb_row_0 et_pb_row_empty\">\n\t\t\t\t\n\t\t\t\t\n\t\t\t\t\n\t\t\t\t\n\t\t\t\t\n\t\t\t<\/div> Nasz du\u017cy i przestronny parking pomie\u015bci ok. 80\u00a0tir\u00f3w. Plac jest utwardzony, o\u015bwietlony i ogrodzony.Na placu Zajazdu Lider znajduje si\u0119 r\u00f3wnie\u017c: Myjnia dla samochod\u00f3w osobowych i ci\u0119\u017carowych Wulkanizacja i Auto szyby Ci\u0105g pawilon\u00f3w handlowych<\/p>\n","protected":false},"author":1,"featured_media":0,"parent":0,"menu_order":0,"comment_status":"closed","ping_status":"closed","template":"","meta":{"_et_pb_use_builder":"on","_et_pb_old_content":"","_et_gb_content_width":"","footnotes":""},"class_list":["post-95","page","type-page","status-publish","hentry"],"_links":{"self":[{"href":"https:\/\/zajazdlider.pl\/index.php\/wp-json\/wp\/v2\/pages\/95"}],"collection":[{"href":"https:\/\/zajazdlider.pl\/index.php\/wp-json\/wp\/v2\/pages"}],"about":[{"href":"https:\/\/zajazdlider.pl\/index.php\/wp-json\/wp\/v2\/types\/page"}],"author":[{"embeddable":true,"href":"https:\/\/zajazdlider.pl\/index.php\/wp-json\/wp\/v2\/users\/1"}],"replies":[{"embeddable":true,"href":"https:\/\/zajazdlider.pl\/index.php\/wp-json\/wp\/v2\/comments?post=95"}],"version-history":[{"count":0,"href":"https:\/\/zajazdlider.pl\/index.php\/wp-json\/wp\/v2\/pages\/95\/revisions"}],"wp:attachment":[{"href":"https:\/\/zajazdlider.pl\/index.php\/wp-json\/wp\/v2\/media?parent=95"}],"curies":[{"name":"wp","href":"https:\/\/api.w.org\/{rel}","templated":true}]}}